s 154127 a composite number?
False
Is 333097 prime?
True
Is 570089 prime?
False
Is 25195 prime?
False
Is 521545 a composite number?
True
Is 13259 prime?
True
Is 81889 a composite number?
True
Is 127637 composite?
False
Is 100019 a prime number?
True
Is 16595 composite?
True
Is 32603 composite?
False
Is 3761 a prime number?
True
Is 1053691 a prime number?
True
Is 307967 a composite number?
True
Is 11467 composite?
False
Is 168361 prime?
False
Is 143537 prime?
True
Is 6229 a prime number?
True
Is 12053 a composite number?
True
Is 16349 prime?
True
Is 441139 prime?
False
Is 3175259 a composite number?
False
Is 28141 a composite number?
True
Is 3235 prime?
False
Is 4507 a prime number?
True
Is 2459 a prime number?
True
Is 210643 prime?
True
Is 196831 composite?
False
Is 2962669 prime?
False
Is 26383 prime?
False
Is 1357333 a prime number?
True
Is 11549 composite?
False
Is 781 a prime number?
False
Is 436229 a prime number?
False
Is 31361 composite?
True
Is 6899 composite?
False
Is 7217 a composite number?
True
Is 6449 composite?
False
Is 108761 composite?
False
Is 26141 prime?
True
Is 206009 composite?
False
Is 17665 prime?
False
Is 159287 composite?
False
Is 3691 a prime number?
True
Is 171179 a prime number?
True
Is 9767 a prime number?
True
Is 398059 a prime number?
True
Is 19031 prime?
True
Is 24131 a prime number?
False
Is 563447 prime?
True
Is 41999 a prime number?
True
Is 146023 a composite number?
False
Is 834263 composite?
True
Is 30133 composite?
False
Is 4049 a composite number?
False
Is 33133 prime?
False
Is 2393 composite?
False
Is 15511 a prime number?
True
Is 2744387 composite?
True
Is 7737 a prime number?
False
Is 136669 composite?
True
Is 1766315 prime?
False
Is 49663 a prime number?
True
Is 271957 composite?
True
Is 616963 a composite number?
True
Is 40709 prime?
True
Is 866786 a composite number?
True
Is 63001 composite?
True
Is 97327 composite?
False
Is 6017 composite?
True
Is 5021 a composite number?
False
Is 171517 composite?
False
Is 19373 a composite number?
False
Is 610094 prime?
False
Is 421121 a prime number?
True
Is 34939 prime?
True
Is 3457 a composite number?
False
Is 1252357 composite?
False
Is 8491 composite?
True
Is 14767 composite?
False
Is 189559 a composite number?
False
Is 10181 composite?
False
Is 208939 a composite number?
True
Is 1457515 prime?
False
Is 18053 composite?
True
Is 85571 a composite number?
False
Is 773363 composite?
False
Is 3967 prime?
True
Is 156082 prime?
False
Is 28113 prime?
False
Is 6439 prime?
False
Is 13613 a prime number?
True
Is 16477 composite?
False
Is 40343 prime?
True
Is 8743 prime?
False
Is 59153 prime?
False
Is 30499 prime?
False
Is 8119 composite?
True
Is 36739 composite?
False
Is 6379 a prime number?
True
Is 490619 composite?
False
Is 25321 prime?
True
Is 41927 prime?
True
Is 524689 a prime number?
False
Is 541 a composite number?
False
Is 12451 composite?
False
Is 6637729 prime?
False
Is 36581 prime?
False
Is 15091 a prime number?
True
Is 27167 a composite number?
True
Is 10303 composite?
False
Is 3907 a prime number?
True
Is 7729 composite?
True
Is 36523 a composite number?
False
Is 39667 a prime number?
True
Is 672019 prime?
True
Is 3683 a composite number?
True
Is 15101 a composite number?
False
Is 305 a composite number?
True
Is 38149 a prime number?
True
Is 5807 a prime number?
True
Is 4801 composite?
False
Is 304537 prime?
True
Is 14761 prime?
False
Is 4594 composite?
True
Is 9527 a composite number?
True
Is 193489 composite?
True
Is 3462689 composite?
True
Is 7830991 prime?
False
Is 176777 a prime number?
True
Is 55877 a composite number?
True
Is 12653 prime?
True
Is 80611 a composite number?
False
Is 557 prime?
True
Is 87577 a prime number?
False
Is 38987 a prime number?
False
Is 2563489 composite?
False
Is 869 composite?
True
Is 65783 prime?
False
Is 61003 a composite number?
True
Is 23453 a composite number?
True
Is 605629 composite?
False
Is 39659 a composite number?
False
Is 53967 composite?
True
Is 597445 composite?
True
Is 4201 a prime number?
True
Is 2239469 a composite number?
True
Is 147503 a composite number?
False
Is 332071 a composite number?
True
Is 366787 a composite number?
False
Is 115829 composite?
True
Is 23401 composite?
True
Is 9818 a prime number?
False
Is 39659 a composite number?
False
Is 124513 a prime number?
True
Is 601021 composite?
False
Is 13211 a composite number?
True
Is 2431489 composite?
False
Is 35671 prime?
True
Is 27101 prime?
False
Is 10033 a composite number?
True
Is 16313 a prime number?
False
Is 28211 a composite number?
False
Is 46819 a composite number?
False
Is 202439 composite?
True
Is 2305 prime?
False
Is 140471 composite?
True
Is 1707413 a composite number?
False
Is 218783 composite?
False
Is 4828361 a prime number?
False
Is 20887 a composite number?
False
Is 7039 a composite number?
False
Is 4703 composite?
False
Is 74069 a composite number?
True
Is 420461 a prime number?
False
Is 87991 a composite number?
False
Is 655441 prime?
False
Is 178489 composite?
False
Is 1437 prime?
False
Is 54685 prime?
False
Is 7253 composite?
False
Is 7411 composite?
False
Is 100483 a prime number?
True
Is 38593 a composite number?
False
Is 134731 a prime number?
True
Is 12713 composite?
False
Is 18041 a composite number?
False
Is 405847 composite?
True
Is 42049 prime?
False
Is 5029 a prime number?
False
Is 592715 composite?
True
Is 85391 composite?
True
Is 2051 a composite number?
True
Is 133709 a composite number?
False
Is 966333 a prime number?
False
Is 31379 composite?
False
Is 1177 a composite number?
True
Is 1889 a prime number?
True
Is 2429 a composite number?
True
Is 38261 a prime number?
True
Is 576983 a prime number?
False
Is 52051 a composite number?
False
Is 4666 a composite number?
True
Is 222107 prime?
True
Is 105197 prime?
False
Is 11053 a prime number?
False
Is 57887 a composite number?
True
Is 7167 a prime number?
False
Is 67333 composite?
True
Is 15013 a composite number?
False
Is 143407 composite?
True
Is 765851 a prime number?
True
Is 327817 prime?
False
Is 68559 a prime number?
False
Is 407831 prime?
False
Is 26927 prime?
True
Is 79445 composite?
True
Is 30953 composite?
True
Is 5418965 prime?
False
Is 1183343 a prime number?
False
Is 184463 prime?
True
Is 1909 a composite number?
True
Is 1094747 a prime number?
True
Is 142243 prime?
False
Is 75931 composite?
False
Is 22405 composite?
True
Is 104651 a prime number?
True
Is 7369 prime?
True
Is 173017 a prime number?
False
Is 10223 prime?
True
Is 38359 a prime number?
False
Is 2371 a prime number?
True
Is 720763 a prime number?
True
Is 2719 composite?
False
Is 47981 composite?
False
Is 237953 a composite number?
True
Is 3147 a composite number?
True
Is 7609 composite?
True
Is 112327 a prime number?
True
Is 584015 a prime number?
False
Is 68017 prime?
False
Is 17846 composite?
True
Is 140759 prime?
True
Is 41719 prime?
True
Is 453757 composite?
False
Is 29839 composite?
True
Is 51787 a composite number?
False
Is 11677 composite?
False
Is 40163 composite?
False
Is 113143 prime?
True
Is 28687 a prime number?
True
Is 48799 a composite number?
False
Is 20021 composite?
False
Is 8587 prime?
False
Is 10953127 prime?
True
Is 7003 a composite number?
True
Is 19889 a composite number?
False
Is 138239 prime?
True
Is 80923 composite?
False
Is 587497 prime?
True
Is 2777 prime?
True
Is 1863623 prime?
False
Is 1649 composite?
True
Is 51202 a prime number?
False
Is 20323 a composite number?
False
Is 1903 a composite number?
True
Is 2179 a composite number?
False
Is 5953 prime?
True
Is 33563 prime?
True
Is 25459 a composite number?
True
Is 297833 composite?
False
Is 18961 a prime number?
False
Is 20849 a prime number?
True
Is 384359 a prime number?
True
Is 10133 a prime number?
True
Is 1902841 a prime number?
False
Is 15049 prime?
False
Is 5189 prime?
True
Is 204427 a composite number?
False
Is 24029 a composite number?
False
Is 29411 a composite number?
False
Is 100907 composite?
False
Is 4957 a prime number?
True
Is 2137 a prime number?
True
Is 593067 a composite number?
True
Is 1095415 a prime number?
False
Is 29005 a prime number?
False
Is 12097 a composite number?
False
Is 13751 a prime number?
True
Is 21911 composite?
False
Is 15833 a prime number?
False
Is 63905 prime?
False
Is 